{"id":1733,"date":"2023-07-16T07:22:16","date_gmt":"2023-07-16T07:22:16","guid":{"rendered":"https:\/\/nirananda-media.de\/?page_id=1733"},"modified":"2024-06-01T16:45:22","modified_gmt":"2024-06-01T16:45:22","slug":"kunst-links","status":"publish","type":"page","link":"https:\/\/nirananda-media.de\/?page_id=1733","title":{"rendered":"Kunst"},"content":{"rendered":"\n<hr class=\"wp-block-separator has-alpha-channel-opacity\"\/>\n\n\n\n<div class=\"wp-block-columns is-layout-flex wp-container-core-columns-is-layout-9d6595d7 wp-block-columns-is-layout-flex\">\n<div class=\"wp-block-column is-layout-flow wp-block-column-is-layout-flow\"><\/div>\n\n\n\n<div class=\"wp-block-column is-layout-flow wp-block-column-is-layout-flow\">\n<h2 class=\"wp-block-heading has-text-align-left\">Kunst (Links)<\/h2>\n<\/div>\n\n\n\n<div class=\"wp-block-column is-layout-flow wp-block-column-is-layout-flow\"><\/div>\n\n\n\n<div class=\"wp-block-column is-layout-flow wp-block-column-is-layout-flow\"><\/div>\n<\/div>\n\n\n\n<hr class=\"wp-block-separator has-alpha-channel-opacity\"\/>\n\n\n\n<div class=\"wp-block-columns is-layout-flex wp-container-core-columns-is-layout-9d6595d7 wp-block-columns-is-layout-flex\">\n<div class=\"wp-block-column is-layout-flow wp-block-column-is-layout-flow\"><\/div>\n\n\n\n<div class=\"wp-block-column is-layout-flow wp-block-column-is-layout-flow\"><div class=\"wp-block-image\">\n<figure class=\"alignleft size-full\"><a href=\"https:\/\/www.theatreofeternalvalues.com\/education\/academy\" target=\"_blank\" rel=\"noreferrer noopener\"><img loading=\"lazy\" decoding=\"async\" width=\"200\" height=\"200\" src=\"https:\/\/nirananda-media.de\/wp-content\/uploads\/2023\/07\/image-17.jpg\" alt=\"\" class=\"wp-image-1672\" srcset=\"https:\/\/nirananda-media.de\/wp-content\/uploads\/2023\/07\/image-17.jpg 200w, https:\/\/nirananda-media.de\/wp-content\/uploads\/2023\/07\/image-17-150x150.jpg 150w, https:\/\/nirananda-media.de\/wp-content\/uploads\/2023\/07\/image-17-100x100.jpg 100w\" sizes=\"auto, (max-width: 200px) 100vw, 200px\" \/><\/a><figcaption class=\"wp-element-caption\">Nirmal Arts Academy<\/figcaption><\/figure>\n<\/div><\/div>\n\n\n\n<div class=\"wp-block-column is-layout-flow wp-block-column-is-layout-flow\">\n<p class=\"has-text-align-left\">Die <a href=\"https:\/\/www.theatreofeternalvalues.com\/education\/academy\">Nirmal Arts Academy<\/a> bietet Pr\u00e4senz- und Online-Kurse in westlichen und \u00f6stlichen k\u00fcnstlerischen Disziplinen an, die auf der Verbindung mit dem eigenen Selbst und unserem inneren Potenzial basieren.<\/p>\n<\/div>\n\n\n\n<div class=\"wp-block-column is-layout-flow wp-block-column-is-layout-flow\"><\/div>\n<\/div>\n\n\n\n<hr class=\"wp-block-separator has-alpha-channel-opacity\"\/>\n\n\n\n<div class=\"wp-block-columns is-layout-flex wp-container-core-columns-is-layout-9d6595d7 wp-block-columns-is-layout-flex\">\n<div class=\"wp-block-column is-layout-flow wp-block-column-is-layout-flow\"><\/div>\n\n\n\n<div class=\"wp-block-column is-layout-flow wp-block-column-is-layout-flow\"><div class=\"wp-block-image\">\n<figure class=\"alignleft size-full is-resized\"><a href=\"https:\/\/theatreofeternalvalues.com\/\"><img loading=\"lazy\" decoding=\"async\" width=\"385\" height=\"217\" src=\"https:\/\/nirananda-media.de\/wp-content\/uploads\/2023\/07\/image-16.jpg\" alt=\"\" class=\"wp-image-1671\" style=\"width:193px;height:109px\" srcset=\"https:\/\/nirananda-media.de\/wp-content\/uploads\/2023\/07\/image-16.jpg 385w, https:\/\/nirananda-media.de\/wp-content\/uploads\/2023\/07\/image-16-300x169.jpg 300w, https:\/\/nirananda-media.de\/wp-content\/uploads\/2023\/07\/image-16-100x56.jpg 100w, https:\/\/nirananda-media.de\/wp-content\/uploads\/2023\/07\/image-16-150x85.jpg 150w, https:\/\/nirananda-media.de\/wp-content\/uploads\/2023\/07\/image-16-200x113.jpg 200w\" sizes=\"auto, (max-width: 385px) 100vw, 385px\" \/><\/a><figcaption class=\"wp-element-caption\">Theatre of Eternal Values<\/figcaption><\/figure>\n<\/div><\/div>\n\n\n\n<div class=\"wp-block-column is-layout-flow wp-block-column-is-layout-flow\">\n<p class=\"has-text-align-left\">Das <a href=\"https:\/\/theatreofeternalvalues.com\/\">Theatre of Eternal Values<\/a> (TEV) ist eine 1996 gegr\u00fcndete internationale Theatergruppe. Seit 25 Jahren tourt sie durch die Welt und f\u00fchrt Originalproduktionen und Adaptionen von Werken von Moli\u00e8re \u00fcber Shakespeare und Blake bis Pirandello auf, die wahrhaft universelle Werte zum Ausdruck bringen.<\/p>\n<\/div>\n\n\n\n<div class=\"wp-block-column is-layout-flow wp-block-column-is-layout-flow\"><\/div>\n<\/div>\n\n\n\n<hr class=\"wp-block-separator has-alpha-channel-opacity\"\/>\n","protected":false},"excerpt":{"rendered":"<p>Kunst (Links) Die Nirmal Arts Academy bietet Pr\u00e4senz- und Online-Kurse in westlichen und \u00f6stlichen k\u00fcnstlerischen Disziplinen an, die auf der Verbindung mit dem eigenen Selbst und unserem inneren Potenzial basieren. Das Theatre of Eternal Values (TEV) ist eine 1996 gegr\u00fcndete &hellip;<\/p>\n<p class=\"read-more\"> <a class=\"more-link\" href=\"https:\/\/nirananda-media.de\/?page_id=1733\"> <span class=\"screen-reader-text\">Kunst<\/span> Weiterlesen &raquo;<\/a><\/p>\n","protected":false},"author":1,"featured_media":0,"parent":0,"menu_order":0,"comment_status":"closed","ping_status":"closed","template":"","meta":{"footnotes":""},"class_list":["post-1733","page","type-page","status-publish","hentry"],"_links":{"self":[{"href":"https:\/\/nirananda-media.de\/index.php?rest_route=\/wp\/v2\/pages\/1733","targetHints":{"allow":["GET"]}}],"collection":[{"href":"https:\/\/nirananda-media.de\/index.php?rest_route=\/wp\/v2\/pages"}],"about":[{"href":"https:\/\/nirananda-media.de\/index.php?rest_route=\/wp\/v2\/types\/page"}],"author":[{"embeddable":true,"href":"https:\/\/nirananda-media.de\/index.php?rest_route=\/wp\/v2\/users\/1"}],"replies":[{"embeddable":true,"href":"https:\/\/nirananda-media.de\/index.php?rest_route=%2Fwp%2Fv2%2Fcomments&post=1733"}],"version-history":[{"count":6,"href":"https:\/\/nirananda-media.de\/index.php?rest_route=\/wp\/v2\/pages\/1733\/revisions"}],"predecessor-version":[{"id":2259,"href":"https:\/\/nirananda-media.de\/index.php?rest_route=\/wp\/v2\/pages\/1733\/revisions\/2259"}],"wp:attachment":[{"href":"https:\/\/nirananda-media.de\/index.php?rest_route=%2Fwp%2Fv2%2Fmedia&parent=1733"}],"curies":[{"name":"wp","href":"https:\/\/api.w.org\/{rel}","templated":true}]}}