{"id":1416,"date":"2023-07-13T19:59:37","date_gmt":"2023-07-13T19:59:37","guid":{"rendered":"https:\/\/nirananda-media.de\/?page_id=1416"},"modified":"2023-07-20T09:44:02","modified_gmt":"2023-07-20T09:44:02","slug":"dragos-ionel","status":"publish","type":"page","link":"https:\/\/nirananda-media.de\/?page_id=1416","title":{"rendered":"Dragos Ionel"},"content":{"rendered":"\n<hr class=\"wp-block-separator has-alpha-channel-opacity\"\/>\n\n\n\n<h2 class=\"wp-block-heading\">Dragos Ionel, Kanada<\/h2>\n\n\n\n<hr class=\"wp-block-separator has-alpha-channel-opacity\"\/>\n\n\n\n<div class=\"wp-block-columns is-layout-flex wp-container-core-columns-is-layout-9d6595d7 wp-block-columns-is-layout-flex\">\n<div class=\"wp-block-column is-layout-flow wp-block-column-is-layout-flow\" style=\"flex-basis:11%\"><\/div>\n\n\n\n<div class=\"wp-block-column is-layout-flow wp-block-column-is-layout-flow\" style=\"flex-basis:22.33%\"><div class=\"wp-block-image\">\n<figure class=\"aligncenter size-full\"><img loading=\"lazy\" decoding=\"async\" width=\"112\" height=\"145\" src=\"https:\/\/nirananda-media.de\/wp-content\/uploads\/2023\/07\/1636284214.jpg\" alt=\"\" class=\"wp-image-1277\" srcset=\"https:\/\/nirananda-media.de\/wp-content\/uploads\/2023\/07\/1636284214.jpg 112w, https:\/\/nirananda-media.de\/wp-content\/uploads\/2023\/07\/1636284214-100x129.jpg 100w\" sizes=\"auto, (max-width: 112px) 100vw, 112px\" \/><figcaption class=\"wp-element-caption\">Dragos Ionel<\/figcaption><\/figure>\n<\/div><\/div>\n\n\n\n<div class=\"wp-block-column is-layout-flow wp-block-column-is-layout-flow\" style=\"flex-basis:16.67%\">\n<p class=\"has-text-align-center\">Geboren in Rum\u00e4nien und hauptberuflich Softwareentwickler, lebt Dragos Ionel als Ehemann und Vater von drei T\u00f6chtern zusammen mit seiner Familie seit 2002 in Toronto.<\/p>\n\n\n\n<p class=\"has-text-align-center\">Seit 2000 praktiziert er regelm\u00e4\u00dfig&nbsp;Meditation.<\/p>\n\n\n\n<p class=\"has-text-align-center\">Neben den&nbsp;Einfachen Gedichten&nbsp;ist er weiterhin der Autor von drei Kinderb\u00fcchern und einer umfangreichen Haiku-Kollektion.<\/p>\n<\/div>\n\n\n\n<div class=\"wp-block-column is-vertically-aligned-center is-layout-flow wp-block-column-is-layout-flow\" style=\"flex-basis:16.67%\">\n<div class=\"wp-block-buttons is-content-justification-center is-layout-flex wp-container-core-buttons-is-layout-16018d1d wp-block-buttons-is-layout-flex\">\n<div class=\"wp-block-button\"><a class=\"wp-block-button__link has-text-align-center wp-element-button\" href=\"https:\/\/www.thelittlestar.org\/\" style=\"border-radius:100px\" target=\"_blank\" rel=\"noreferrer noopener\">Webseiten des Autors<\/a><\/div>\n<\/div>\n\n\n\n<hr class=\"wp-block-separator has-alpha-channel-opacity\"\/>\n\n\n\n<div class=\"wp-block-buttons is-content-justification-center is-layout-flex wp-container-core-buttons-is-layout-16018d1d wp-block-buttons-is-layout-flex\">\n<div class=\"wp-block-button\"><a class=\"wp-block-button__link has-text-align-center wp-element-button\" href=\"https:\/\/nirananda-media.de\/?page_id=1094\" style=\"border-radius:100px\" target=\"_blank\" rel=\"noreferrer noopener\">Deutschsprachige Werke des Autors<\/a><\/div>\n<\/div>\n\n\n\n<hr class=\"wp-block-separator has-alpha-channel-opacity\"\/>\n\n\n\n<div class=\"wp-block-buttons is-content-justification-center is-layout-flex wp-container-core-buttons-is-layout-16018d1d wp-block-buttons-is-layout-flex\">\n<div class=\"wp-block-button\"><a class=\"wp-block-button__link has-text-align-center wp-element-button\" href=\"https:\/\/www.sahajbooks.org\/ionel\" style=\"border-radius:100px\" target=\"_blank\" rel=\"noreferrer noopener\">Weitere Werke des Autors<\/a><\/div>\n<\/div>\n<\/div>\n<\/div>\n","protected":false},"excerpt":{"rendered":"<p>Dragos Ionel, Kanada Geboren in Rum\u00e4nien und hauptberuflich Softwareentwickler, lebt Dragos Ionel als Ehemann und Vater von drei T\u00f6chtern zusammen mit seiner Familie seit 2002 in Toronto. Seit 2000 praktiziert er regelm\u00e4\u00dfig&nbsp;Meditation. Neben den&nbsp;Einfachen Gedichten&nbsp;ist er weiterhin der Autor von &hellip;<\/p>\n<p class=\"read-more\"> <a class=\"more-link\" href=\"https:\/\/nirananda-media.de\/?page_id=1416\"> <span class=\"screen-reader-text\">Dragos Ionel<\/span> Weiterlesen &raquo;<\/a><\/p>\n","protected":false},"author":1,"featured_media":0,"parent":0,"menu_order":0,"comment_status":"closed","ping_status":"closed","template":"","meta":{"footnotes":""},"class_list":["post-1416","page","type-page","status-publish","hentry"],"_links":{"self":[{"href":"https:\/\/nirananda-media.de\/index.php?rest_route=\/wp\/v2\/pages\/1416","targetHints":{"allow":["GET"]}}],"collection":[{"href":"https:\/\/nirananda-media.de\/index.php?rest_route=\/wp\/v2\/pages"}],"about":[{"href":"https:\/\/nirananda-media.de\/index.php?rest_route=\/wp\/v2\/types\/page"}],"author":[{"embeddable":true,"href":"https:\/\/nirananda-media.de\/index.php?rest_route=\/wp\/v2\/users\/1"}],"replies":[{"embeddable":true,"href":"https:\/\/nirananda-media.de\/index.php?rest_route=%2Fwp%2Fv2%2Fcomments&post=1416"}],"version-history":[{"count":3,"href":"https:\/\/nirananda-media.de\/index.php?rest_route=\/wp\/v2\/pages\/1416\/revisions"}],"predecessor-version":[{"id":2031,"href":"https:\/\/nirananda-media.de\/index.php?rest_route=\/wp\/v2\/pages\/1416\/revisions\/2031"}],"wp:attachment":[{"href":"https:\/\/nirananda-media.de\/index.php?rest_route=%2Fwp%2Fv2%2Fmedia&parent=1416"}],"curies":[{"name":"wp","href":"https:\/\/api.w.org\/{rel}","templated":true}]}}