{"id":1330,"date":"2023-07-11T08:14:59","date_gmt":"2023-07-11T08:14:59","guid":{"rendered":"https:\/\/nirananda-media.de\/?page_id=1330"},"modified":"2023-07-18T06:59:17","modified_gmt":"2023-07-18T06:59:17","slug":"rabindranath-tagore","status":"publish","type":"page","link":"https:\/\/nirananda-media.de\/?page_id=1330","title":{"rendered":"Rabindranath Tagore"},"content":{"rendered":"\n<hr class=\"wp-block-separator has-alpha-channel-opacity\"\/>\n\n\n\n<h2 class=\"wp-block-heading\">Rabindranath Tagore, Indien<\/h2>\n\n\n\n<hr class=\"wp-block-separator has-alpha-channel-opacity\"\/>\n\n\n\n<div class=\"wp-block-columns is-layout-flex wp-container-core-columns-is-layout-9d6595d7 wp-block-columns-is-layout-flex\">\n<div class=\"wp-block-column is-layout-flow wp-block-column-is-layout-flow\" style=\"flex-basis:11%\"><\/div>\n\n\n\n<div class=\"wp-block-column is-layout-flow wp-block-column-is-layout-flow\" style=\"flex-basis:22.33%\"><div class=\"wp-block-image\">\n<figure class=\"aligncenter size-full\"><img loading=\"lazy\" decoding=\"async\" width=\"223\" height=\"355\" src=\"https:\/\/nirananda-media.de\/wp-content\/uploads\/2023\/07\/rabindranath-tagore_klein-1.jpg\" alt=\"\" class=\"wp-image-472\" srcset=\"https:\/\/nirananda-media.de\/wp-content\/uploads\/2023\/07\/rabindranath-tagore_klein-1.jpg 223w, https:\/\/nirananda-media.de\/wp-content\/uploads\/2023\/07\/rabindranath-tagore_klein-1-188x300.jpg 188w, https:\/\/nirananda-media.de\/wp-content\/uploads\/2023\/07\/rabindranath-tagore_klein-1-100x159.jpg 100w, https:\/\/nirananda-media.de\/wp-content\/uploads\/2023\/07\/rabindranath-tagore_klein-1-150x239.jpg 150w, https:\/\/nirananda-media.de\/wp-content\/uploads\/2023\/07\/rabindranath-tagore_klein-1-200x318.jpg 200w\" sizes=\"auto, (max-width: 223px) 100vw, 223px\" \/><figcaption class=\"wp-element-caption\">Shri Mataji Nirmala Devi<\/figcaption><\/figure>\n<\/div>\n\n\n<p><em>Der Wunsch nach Liebe ist ein Grad von Unempfindlichkeit. Denn Liebe ist die Vervollkommnung des Bewusstseins. Wir lieben nicht, weil wir nicht begreifen oder begreifen vielmehr nicht, weil wir nicht lieben. Liebe ist die h\u00f6chste Bedeutung von allem, was uns umgibt, und kein blo\u00dfes Gef\u00fchl, sondern Wahrheit. Sie ist die Freude am Urgrund der Sch\u00f6pfung und das wei\u00dfe Licht des reinen, von Brahma ausgehenden Bewusstseins.<\/em><\/p>\n<\/div>\n\n\n\n<div class=\"wp-block-column is-layout-flow wp-block-column-is-layout-flow\" style=\"flex-basis:16.67%\">\n<p>Der 1861 in Kalkutta geborene Rabindranath Tagore erlangte und genoss im Laufe seines Lebens weltweite Bekanntheit und Anerkennung.<\/p>\n\n\n\n<hr class=\"wp-block-separator has-alpha-channel-opacity\"\/>\n\n\n\n<p>1913 erhielt er als erster Nicht-Europ\u00e4er den&nbsp;<a href=\"https:\/\/www.nobelprize.org\/prizes\/literature\/1913\/summary\/\" target=\"_blank\" rel=\"noreferrer noopener\">Literaturnobelpreis<\/a>&nbsp;haupts\u00e4chlich anl\u00e4sslich des 1910 erstmalig in Bengali ver\u00f6ffentlichten Werkes&nbsp;<a href=\"https:\/\/www.projekt-gutenberg.org\/tagore\/gitanjal\/gitanjal.html\" target=\"_blank\" rel=\"noreferrer noopener\"><em>Gitanjali&nbsp; (Sangesopfer)<\/em><\/a><em>.<\/em>&nbsp;Im selben Jahr erschien&nbsp;<em>S\u0101dhan\u0101&nbsp;\u2013 The Realization of Life<\/em>.<\/p>\n\n\n\n<hr class=\"wp-block-separator has-alpha-channel-opacity\"\/>\n<\/div>\n\n\n\n<div class=\"wp-block-column is-layout-flow wp-block-column-is-layout-flow\" style=\"flex-basis:16.67%\">\n<p>International ausgezeichnet und in seiner Heimat als Nationalheld verehrt, ist Tagores Werk zweifellos als zeitlos und in vielen Bereichen als wegweisend zu bezeichnen.<\/p>\n<\/div>\n\n\n\n<div class=\"wp-block-column is-layout-flow wp-block-column-is-layout-flow\" style=\"flex-basis:16.67%\">\n<p>Der auch liebevoll &#8222;Gurudev&#8220; genannte Schriftsteller verfasste, abgesehen von seinen zahlreichen literarischen Werken, eine Vielzahl von Gedichten&nbsp;und&nbsp;<a rel=\"noreferrer noopener\" href=\"https:\/\/www.youtube.com\/results?search_query=tagore+songs\" target=\"_blank\">Liedertexten einschlie\u00dflich zugeh\u00f6riger Kompositionen<\/a>. <\/p>\n\n\n\n<hr class=\"wp-block-separator has-alpha-channel-opacity\"\/>\n\n\n\n<p>Er schrieb Theaterst\u00fccke, befasste sich mit P\u00e4dagogik und sp\u00e4ter auch mit&nbsp;<a rel=\"noreferrer noopener\" href=\"http:\/\/www.ngmaindia.gov.in\/sh-rabindranath.asp\" target=\"_blank\">Malerei<\/a>.&nbsp;<\/p>\n<\/div>\n\n\n\n<div class=\"wp-block-column is-layout-flow wp-block-column-is-layout-flow\" style=\"flex-basis:16.67%\"><\/div>\n<\/div>\n\n\n\n<hr class=\"wp-block-separator has-alpha-channel-opacity\"\/>\n\n\n\n<div class=\"wp-block-columns is-layout-flex wp-container-core-columns-is-layout-9d6595d7 wp-block-columns-is-layout-flex\">\n<div class=\"wp-block-column is-layout-flow wp-block-column-is-layout-flow\"><\/div>\n\n\n\n<div class=\"wp-block-column is-layout-flow wp-block-column-is-layout-flow\">\n<div class=\"wp-block-buttons is-content-justification-right is-layout-flex wp-container-core-buttons-is-layout-765c4724 wp-block-buttons-is-layout-flex\">\n<div class=\"wp-block-button\"><a class=\"wp-block-button__link wp-element-button\" href=\"https:\/\/de.wikipedia.org\/wiki\/Rabindranath_Tagore#Literarisches_Werk\" style=\"border-radius:100px\" target=\"_blank\" rel=\"noreferrer noopener\">Webseite der Autorin<\/a><\/div>\n<\/div>\n<\/div>\n\n\n\n<div class=\"wp-block-column is-layout-flow wp-block-column-is-layout-flow\">\n<div class=\"wp-block-buttons is-layout-flex wp-block-buttons-is-layout-flex\">\n<div class=\"wp-block-button\"><a class=\"wp-block-button__link wp-element-button\" href=\"https:\/\/nirananda-media.de\/?page_id=1109\" style=\"border-radius:100px\" target=\"_blank\" rel=\"noreferrer noopener\">Deutschsprachige Werke des Autors<\/a><\/div>\n<\/div>\n<\/div>\n\n\n\n<div class=\"wp-block-column is-layout-flow wp-block-column-is-layout-flow\">\n<p><a href=\"https:\/\/www.culturalindia.net\/indian-art\/painters\/rabindranath-tagore.html\" target=\"_blank\" rel=\"noreferrer noopener\">Ausf\u00fchrliche Biografie (engl.) von Cultural India<\/a><\/p>\n\n\n\n<p>&#8211;&nbsp;<a href=\"https:\/\/www.youtube.com\/results?search_query=Rabindranath+Tagore+Documentary+Satyajit+Ray\" target=\"_blank\" rel=\"noreferrer noopener\">Filme \u00fcber R. Tagore<\/a><\/p>\n\n\n\n<p>&#8211;&nbsp;<a href=\"https:\/\/www.projekt-gutenberg.org\/tagore\/gitanjal\/gitanjal.html\" target=\"_blank\" rel=\"noreferrer noopener\">Tagores<\/a>&nbsp;<a href=\"https:\/\/www.projekt-gutenberg.org\/tagore\/gitanjal\/gitanjal.html\" target=\"_blank\" rel=\"noreferrer noopener\"><em>Gitanjali<\/em>&nbsp;im Projekt Gutenberg<\/a><\/p>\n\n\n\n<p>&nbsp;&#8211;&nbsp;<a href=\"http:\/\/www.ngmaindia.gov.in\/sh-rabindranath.asp\" target=\"_blank\" rel=\"noreferrer noopener\">Virtuelle Galerie der National Gallery of Modern Art, Delhi, Indien<\/a><\/p>\n\n\n\n<p>&nbsp;&#8211;&nbsp;<a href=\"https:\/\/visvabharati.ac.in\/\" target=\"_blank\" rel=\"noreferrer noopener\">Visva Bharati Universit\u00e4t, Bolpur, Indien&nbsp;<\/a>&nbsp;<\/p>\n\n\n\n<p>&#8211;&nbsp;<a href=\"https:\/\/www.researchgate.net\/publication\/339843710_Bildung_zum_Weltmenschen_Rabindranath_Tagores_Philosophie_und_Padagogik\" target=\"_blank\" rel=\"noreferrer noopener\">Bildung zum Weltmenschen<\/a><\/p>\n\n\n\n<p>&#8211;&nbsp;<a href=\"http:\/\/www.martin-kaempchen.de\/?page_id=270\" target=\"_blank\" rel=\"noreferrer noopener\">Tagore und Deutschland<\/a><\/p>\n\n\n\n<p><a href=\"https:\/\/www.nirananda-media.de\/autor-innen\/sadhana\/\">Werke des Autors<\/a><\/p>\n<\/div>\n\n\n\n<div class=\"wp-block-column is-layout-flow wp-block-column-is-layout-flow\"><\/div>\n<\/div>\n\n\n\n<hr class=\"wp-block-separator has-alpha-channel-opacity\"\/>\n","protected":false},"excerpt":{"rendered":"<p>Rabindranath Tagore, Indien Der Wunsch nach Liebe ist ein Grad von Unempfindlichkeit. Denn Liebe ist die Vervollkommnung des Bewusstseins. Wir lieben nicht, weil wir nicht begreifen oder begreifen vielmehr nicht, weil wir nicht lieben. Liebe ist die h\u00f6chste Bedeutung von &hellip;<\/p>\n<p class=\"read-more\"> <a class=\"more-link\" href=\"https:\/\/nirananda-media.de\/?page_id=1330\"> <span class=\"screen-reader-text\">Rabindranath Tagore<\/span> Weiterlesen &raquo;<\/a><\/p>\n","protected":false},"author":1,"featured_media":0,"parent":0,"menu_order":0,"comment_status":"closed","ping_status":"closed","template":"","meta":{"footnotes":""},"class_list":["post-1330","page","type-page","status-publish","hentry"],"_links":{"self":[{"href":"https:\/\/nirananda-media.de\/index.php?rest_route=\/wp\/v2\/pages\/1330","targetHints":{"allow":["GET"]}}],"collection":[{"href":"https:\/\/nirananda-media.de\/index.php?rest_route=\/wp\/v2\/pages"}],"about":[{"href":"https:\/\/nirananda-media.de\/index.php?rest_route=\/wp\/v2\/types\/page"}],"author":[{"embeddable":true,"href":"https:\/\/nirananda-media.de\/index.php?rest_route=\/wp\/v2\/users\/1"}],"replies":[{"embeddable":true,"href":"https:\/\/nirananda-media.de\/index.php?rest_route=%2Fwp%2Fv2%2Fcomments&post=1330"}],"version-history":[{"count":11,"href":"https:\/\/nirananda-media.de\/index.php?rest_route=\/wp\/v2\/pages\/1330\/revisions"}],"predecessor-version":[{"id":1966,"href":"https:\/\/nirananda-media.de\/index.php?rest_route=\/wp\/v2\/pages\/1330\/revisions\/1966"}],"wp:attachment":[{"href":"https:\/\/nirananda-media.de\/index.php?rest_route=%2Fwp%2Fv2%2Fmedia&parent=1330"}],"curies":[{"name":"wp","href":"https:\/\/api.w.org\/{rel}","templated":true}]}}