{"id":1290,"date":"2023-07-11T07:34:49","date_gmt":"2023-07-11T07:34:49","guid":{"rendered":"https:\/\/nirananda-media.de\/?page_id=1290"},"modified":"2023-07-18T06:58:59","modified_gmt":"2023-07-18T06:58:59","slug":"shri-mataji-nirmala-devi","status":"publish","type":"page","link":"https:\/\/nirananda-media.de\/?page_id=1290","title":{"rendered":"Shri Mataji Nirmala Devi"},"content":{"rendered":"\n<hr class=\"wp-block-separator has-alpha-channel-opacity\"\/>\n\n\n\n<h2 class=\"wp-block-heading\">Shri Mataji Nirmala Devi<\/h2>\n\n\n\n<hr class=\"wp-block-separator has-alpha-channel-opacity\"\/>\n\n\n\n<div class=\"wp-block-columns is-layout-flex wp-container-core-columns-is-layout-9d6595d7 wp-block-columns-is-layout-flex\">\n<div class=\"wp-block-column is-layout-flow wp-block-column-is-layout-flow\" style=\"flex-basis:11%\"><\/div>\n\n\n\n<div class=\"wp-block-column is-layout-flow wp-block-column-is-layout-flow\" style=\"flex-basis:22.33%\"><div class=\"wp-block-image\">\n<figure class=\"aligncenter size-large\"><img loading=\"lazy\" decoding=\"async\" width=\"721\" height=\"1024\" src=\"https:\/\/nirananda-media.de\/wp-content\/uploads\/2023\/07\/SMND-Portrait_1-1-721x1024.jpg\" alt=\"\" class=\"wp-image-1273\" srcset=\"https:\/\/nirananda-media.de\/wp-content\/uploads\/2023\/07\/SMND-Portrait_1-1-721x1024.jpg 721w, https:\/\/nirananda-media.de\/wp-content\/uploads\/2023\/07\/SMND-Portrait_1-1-211x300.jpg 211w, https:\/\/nirananda-media.de\/wp-content\/uploads\/2023\/07\/SMND-Portrait_1-1-768x1090.jpg 768w, https:\/\/nirananda-media.de\/wp-content\/uploads\/2023\/07\/SMND-Portrait_1-1-1082x1536.jpg 1082w, https:\/\/nirananda-media.de\/wp-content\/uploads\/2023\/07\/SMND-Portrait_1-1-1443x2048.jpg 1443w, https:\/\/nirananda-media.de\/wp-content\/uploads\/2023\/07\/SMND-Portrait_1-1-100x142.jpg 100w, https:\/\/nirananda-media.de\/wp-content\/uploads\/2023\/07\/SMND-Portrait_1-1-150x213.jpg 150w, https:\/\/nirananda-media.de\/wp-content\/uploads\/2023\/07\/SMND-Portrait_1-1-200x284.jpg 200w, https:\/\/nirananda-media.de\/wp-content\/uploads\/2023\/07\/SMND-Portrait_1-1-300x426.jpg 300w, https:\/\/nirananda-media.de\/wp-content\/uploads\/2023\/07\/SMND-Portrait_1-1-450x639.jpg 450w, https:\/\/nirananda-media.de\/wp-content\/uploads\/2023\/07\/SMND-Portrait_1-1-600x852.jpg 600w, https:\/\/nirananda-media.de\/wp-content\/uploads\/2023\/07\/SMND-Portrait_1-1-900x1278.jpg 900w, https:\/\/nirananda-media.de\/wp-content\/uploads\/2023\/07\/SMND-Portrait_1-1-scaled.jpg 1803w\" sizes=\"auto, (max-width: 721px) 100vw, 721px\" \/><figcaption class=\"wp-element-caption\">Shri Mataji Nirmala Devi<\/figcaption><\/figure>\n<\/div>\n\n\n<p><em>Solange es keinen Frieden in uns gibt,<\/em> <em>kann es keinen Frieden auf der Welt geben.<\/em><\/p>\n<\/div>\n\n\n\n<div class=\"wp-block-column is-layout-flow wp-block-column-is-layout-flow\" style=\"flex-basis:16.67%\">\n<p>Shri Mataji Nirmala Devi wurde am 21. M\u00e4rz 1923 als Kind christlicher Eltern in Indien als Nirmala Srivastava in die k\u00f6nigliche Dynastie der Shalivahanas geboren. Ihr Geburtsname &#8222;Nirmala\u201c bedeutet so viel wie \u201emakellos\u201c.<\/p>\n\n\n\n<hr class=\"wp-block-separator has-alpha-channel-opacity\"\/>\n\n\n\n<p>Bereits in jungen Jahren f\u00fchrte sie viele Gespr\u00e4che mit Mahatma Gandhi w\u00e4hrend ihres Aufenthaltes in seinem Ashram. Sp\u00e4ter studierte sie Medizin und nahm aktiv am indischen Unabh\u00e4ngigkeitskampf teil. Als Shri Mataji Nirmala Devi war sie bekannt als allseits verehrte Mutter, Gro\u00df- und Urgro\u00dfmutter und die Ehefrau eines angesehenen Diplomaten.&nbsp;<\/p>\n\n\n\n<hr class=\"wp-block-separator has-alpha-channel-opacity\"\/>\n\n\n\n<p>Shri Mataji wusste bereits sehr fr\u00fch, dass sie \u00fcber eine einzigartige spirituelle Begabung verf\u00fcgte. Um sie an alle Menschen weiterzugeben, gr\u00fcndete sie 1970 eine&nbsp;Sahaja Yoga&nbsp;genannte Meditation. Sie entdeckte eine einzigartige Methode zur Verwirklichung des spirituellen Selbst&nbsp;<em>en masse<\/em>. Ohne daf\u00fcr Entgelt zu verlangen, bestand sie darauf, dass die&nbsp;Selbst-Verwirklichung&nbsp;unabh\u00e4ngig von Religion, Rasse oder sozialen Umst\u00e4nden&nbsp;jedermanns Geburtsrecht&nbsp;&nbsp;sei.<\/p>\n<\/div>\n\n\n\n<div class=\"wp-block-column is-layout-flow wp-block-column-is-layout-flow\" style=\"flex-basis:16.67%\">\n<p>Die n\u00e4chsten vierzig Jahre reiste Shri Mataji unaufh\u00f6rlich um die Erde und lehrte ihre Meditation. Sie war eine geliebte und liebende spirituelle F\u00fchrungspers\u00f6nlichkeit, eine gefeierte \u00f6ffentliche Rednerin, eine sanfte F\u00fchrerin und Philanthropin sowie Kandidatin f\u00fcr den Friedensnobelpreis. Weltweit wurde sie mit zahlreichen Preisen und Belobigungen ausgezeichnet. In ihrer Zuwendung zur Menschheit gr\u00fcndete sie dar\u00fcber hinaus in Indien ein&nbsp;internationale Akademie f\u00fcr klassische Musik und K\u00fcnste in Vaitarna.&nbsp;Die n\u00e4chsten 40 Jahre verbrachte Shri Mataji damit, unaufh\u00f6rlich um die Erde zu reisen und&nbsp;Sahaja Yoga&nbsp;zu&nbsp;lehren. Sie war eine sowohl geliebte als auch liebende, sanfte spirituelle F\u00fchrerin, gefeierte Rednerin und Philanthropin sowie Kandidatin f\u00fcr den Friedensnobelpreis. Weltweit erhielt sie zahlreiche Preise und Ehrungen. Ihre F\u00fchrsorge und ihr Mitgef\u00fchl zeigten sich auch in der Gr\u00fcndung eines&nbsp;Zentrums f\u00fcr ganzheitlich Gesundheit und Forschung in Mumbai, eines&nbsp;Heims f\u00fcr mittellose Frauen und Kinder in Delhi&nbsp;sowie einer&nbsp;internationalen Musikakademie in Vaitarna zur F\u00f6rderung der klassischen Musik und K\u00fcnste.<\/p>\n<\/div>\n\n\n\n<div class=\"wp-block-column is-layout-flow wp-block-column-is-layout-flow\" style=\"flex-basis:16.67%\">\n<p>Shri Mataji Nirmala Devi verstarb im Alter von 87 Jahren friedlich am 23. Februar 2011 in Genua (Italien). Sie hinterlie\u00df ihren Mann, Sir Chandrika Prasad Srivastava, ihre T\u00f6chter Kalpana und Sadhana, ihre Enkel und Urenkel sowie ihre weltweite Familie von tausenden&nbsp;Sahaja Yoga&nbsp;praktizierenden Menschen. Sie wurde in Indien zur letzten Ruhe gelegt.<\/p>\n\n\n\n<hr class=\"wp-block-separator has-alpha-channel-opacity\"\/>\n\n\n\n<p>Millionen Menschen erfuhren, wie sie ihre innere spirituelle Kraft durch&nbsp;Sahaja Yoga&nbsp;erwecken und daraus Nutzen ziehen k\u00f6nnen.&nbsp;Meditationszentren wurden in mehr als 100 L\u00e4ndern gegr\u00fcndet, wo Freiwillige Shri Matajis Techniken kostenlos unterrichten.<\/p>\n<\/div>\n\n\n\n<div class=\"wp-block-column is-layout-flow wp-block-column-is-layout-flow\" style=\"flex-basis:16.67%\"><\/div>\n<\/div>\n\n\n\n<hr class=\"wp-block-separator has-alpha-channel-opacity\"\/>\n\n\n\n<div class=\"wp-block-columns is-layout-flex wp-container-core-columns-is-layout-9d6595d7 wp-block-columns-is-layout-flex\">\n<div class=\"wp-block-column is-layout-flow wp-block-column-is-layout-flow\"><\/div>\n\n\n\n<div class=\"wp-block-column is-layout-flow wp-block-column-is-layout-flow\">\n<div class=\"wp-block-buttons is-content-justification-right is-layout-flex wp-container-core-buttons-is-layout-765c4724 wp-block-buttons-is-layout-flex\">\n<div class=\"wp-block-button\"><a class=\"wp-block-button__link wp-element-button\" href=\"https:\/\/shrimataji.org\/\" style=\"border-radius:100px\" target=\"_blank\" rel=\"noreferrer noopener\">Webseite der Autorin<\/a><\/div>\n<\/div>\n<\/div>\n\n\n\n<div class=\"wp-block-column is-layout-flow wp-block-column-is-layout-flow\">\n<div class=\"wp-block-buttons is-content-justification-center is-layout-flex wp-container-core-buttons-is-layout-16018d1d wp-block-buttons-is-layout-flex\">\n<div class=\"wp-block-button\"><a class=\"wp-block-button__link wp-element-button\" href=\"https:\/\/nirananda-media.de\/?page_id=878\" style=\"border-radius:100px\" target=\"_blank\" rel=\"noreferrer noopener\">Deutschsprachige Werke der Autorin<\/a><\/div>\n<\/div>\n<\/div>\n\n\n\n<div class=\"wp-block-column is-layout-flow wp-block-column-is-layout-flow\">\n<div class=\"wp-block-buttons is-layout-flex wp-block-buttons-is-layout-flex\">\n<div class=\"wp-block-button\"><a class=\"wp-block-button__link wp-element-button\" href=\"https:\/\/www.divinecoolbreeze.com\/\" style=\"border-radius:100px\" target=\"_blank\" rel=\"noreferrer noopener\">Weitere Werke der Autorin<\/a><\/div>\n<\/div>\n<\/div>\n\n\n\n<div class=\"wp-block-column is-layout-flow wp-block-column-is-layout-flow\"><\/div>\n<\/div>\n\n\n\n<hr class=\"wp-block-separator has-alpha-channel-opacity\"\/>\n","protected":false},"excerpt":{"rendered":"<p>Shri Mataji Nirmala Devi Solange es keinen Frieden in uns gibt, kann es keinen Frieden auf der Welt geben. Shri Mataji Nirmala Devi wurde am 21. M\u00e4rz 1923 als Kind christlicher Eltern in Indien als Nirmala Srivastava in die k\u00f6nigliche &hellip;<\/p>\n<p class=\"read-more\"> <a class=\"more-link\" href=\"https:\/\/nirananda-media.de\/?page_id=1290\"> <span class=\"screen-reader-text\">Shri Mataji Nirmala Devi<\/span> Weiterlesen &raquo;<\/a><\/p>\n","protected":false},"author":1,"featured_media":0,"parent":0,"menu_order":0,"comment_status":"closed","ping_status":"closed","template":"","meta":{"footnotes":""},"class_list":["post-1290","page","type-page","status-publish","hentry"],"_links":{"self":[{"href":"https:\/\/nirananda-media.de\/index.php?rest_route=\/wp\/v2\/pages\/1290","targetHints":{"allow":["GET"]}}],"collection":[{"href":"https:\/\/nirananda-media.de\/index.php?rest_route=\/wp\/v2\/pages"}],"about":[{"href":"https:\/\/nirananda-media.de\/index.php?rest_route=\/wp\/v2\/types\/page"}],"author":[{"embeddable":true,"href":"https:\/\/nirananda-media.de\/index.php?rest_route=\/wp\/v2\/users\/1"}],"replies":[{"embeddable":true,"href":"https:\/\/nirananda-media.de\/index.php?rest_route=%2Fwp%2Fv2%2Fcomments&post=1290"}],"version-history":[{"count":22,"href":"https:\/\/nirananda-media.de\/index.php?rest_route=\/wp\/v2\/pages\/1290\/revisions"}],"predecessor-version":[{"id":1965,"href":"https:\/\/nirananda-media.de\/index.php?rest_route=\/wp\/v2\/pages\/1290\/revisions\/1965"}],"wp:attachment":[{"href":"https:\/\/nirananda-media.de\/index.php?rest_route=%2Fwp%2Fv2%2Fmedia&parent=1290"}],"curies":[{"name":"wp","href":"https:\/\/api.w.org\/{rel}","templated":true}]}}