{"id":1222,"date":"2023-07-09T13:39:34","date_gmt":"2023-07-09T13:39:34","guid":{"rendered":"https:\/\/nirananda-media.de\/?page_id=1222"},"modified":"2025-04-24T10:46:34","modified_gmt":"2025-04-24T10:46:34","slug":"broschueren-und-downloads-2","status":"publish","type":"page","link":"https:\/\/nirananda-media.de\/?page_id=1222","title":{"rendered":"Brosch\u00fcren und Downloads"},"content":{"rendered":"\n<h2 class=\"wp-block-heading alignwide has-text-align-center\">Brosch\u00fcren und Downloads<\/h2>\n\n\n\n<div class=\"wp-block-columns alignfull are-vertically-aligned-top is-layout-flex wp-container-core-columns-is-layout-9d6595d7 wp-block-columns-is-layout-flex\">\n<div class=\"wp-block-column is-layout-flow wp-block-column-is-layout-flow\"><\/div>\n\n\n\n<div class=\"wp-block-column is-vertically-aligned-top is-layout-flow wp-block-column-is-layout-flow\" style=\"flex-basis:400px\">\n<figure class=\"wp-block-image size-large is-resized\"><img loading=\"lazy\" decoding=\"async\" width=\"728\" height=\"1024\" src=\"https:\/\/nirananda-media.de\/wp-content\/uploads\/2023\/07\/Brochure_2023_0403_seite_1-001-728x1024.jpg\" alt=\"\" class=\"wp-image-1223\" style=\"width:400px\" srcset=\"https:\/\/nirananda-media.de\/wp-content\/uploads\/2023\/07\/Brochure_2023_0403_seite_1-001-728x1024.jpg 728w, https:\/\/nirananda-media.de\/wp-content\/uploads\/2023\/07\/Brochure_2023_0403_seite_1-001-213x300.jpg 213w, https:\/\/nirananda-media.de\/wp-content\/uploads\/2023\/07\/Brochure_2023_0403_seite_1-001-768x1080.jpg 768w, https:\/\/nirananda-media.de\/wp-content\/uploads\/2023\/07\/Brochure_2023_0403_seite_1-001-1092x1536.jpg 1092w, https:\/\/nirananda-media.de\/wp-content\/uploads\/2023\/07\/Brochure_2023_0403_seite_1-001-100x141.jpg 100w, https:\/\/nirananda-media.de\/wp-content\/uploads\/2023\/07\/Brochure_2023_0403_seite_1-001-150x211.jpg 150w, https:\/\/nirananda-media.de\/wp-content\/uploads\/2023\/07\/Brochure_2023_0403_seite_1-001-200x281.jpg 200w, https:\/\/nirananda-media.de\/wp-content\/uploads\/2023\/07\/Brochure_2023_0403_seite_1-001-300x422.jpg 300w, https:\/\/nirananda-media.de\/wp-content\/uploads\/2023\/07\/Brochure_2023_0403_seite_1-001-450x633.jpg 450w, https:\/\/nirananda-media.de\/wp-content\/uploads\/2023\/07\/Brochure_2023_0403_seite_1-001-600x844.jpg 600w, https:\/\/nirananda-media.de\/wp-content\/uploads\/2023\/07\/Brochure_2023_0403_seite_1-001-900x1266.jpg 900w, https:\/\/nirananda-media.de\/wp-content\/uploads\/2023\/07\/Brochure_2023_0403_seite_1-001.jpg 1264w\" sizes=\"auto, (max-width: 728px) 100vw, 728px\" \/><figcaption class=\"wp-element-caption\">100 Jahre Shri Mataji Nirmala Devi<br>Eine Mutter f\u00fcr alle<\/figcaption><\/figure>\n\n\n\n<p class=\"has-text-align-center\">Anl\u00e4sslich des 100-j\u00e4hrigen Geburtstags-jubil\u00e4ums von Shri Mataji Nirmala Devi hat&nbsp;<a href=\"http:\/\/sahajayoga.de\/\" target=\"_blank\" rel=\"noreferrer noopener\">Sahaja Yoga Kultur e. V.<\/a>&nbsp;eine 18-seitige Brosch\u00fcre herausgegeben. Der&nbsp;zweisprachig und hochwertig gestaltete DIN-A4-Druck beinhaltet eine fotografische Reise durch Shri Matajis Leben und spirituelle Arbeit und f\u00fchrt in hand-licher Form durch die&nbsp;eigens f\u00fcr das Jubil\u00e4um konzipierte Ausstellung &#8222;Eine Mutter f\u00fcr alle&#8220;.<\/p>\n\n\n\n<p class=\"has-text-align-center\">Eingebettet in den Rahmen vieler bundesweit stattfindende Feierlichkeiten zeigt sie die&nbsp;Bilder und Texte im anschaulichen und gro\u00df-formatigen Original.<\/p>\n\n\n\n<p class=\"has-text-align-center\">Gegen eine Schutzgeb\u00fchr von 2,00 EUR\/St\u00fcck (plus&nbsp;Porto) schicken wir Ihnen gerne eine gew\u00fcnschte Menge zu. Bitte schicken Sie dazu eine E-Mail an <a href=\"mailto:uwedavid@nirananda-media.de\">uwedavid@nirananda-media.de<\/a>.<\/p>\n<\/div>\n\n\n\n<div class=\"wp-block-column is-vertically-aligned-top is-layout-flow wp-block-column-is-layout-flow\" style=\"flex-basis:400px\">\n<figure class=\"wp-block-image size-full is-resized\"><img loading=\"lazy\" decoding=\"async\" width=\"1213\" height=\"1707\" src=\"https:\/\/nirananda-media.de\/wp-content\/uploads\/2023\/10\/broschuere_2019_0511-001.jpg\" alt=\"\" class=\"wp-image-2090\" style=\"width:400px\" srcset=\"https:\/\/nirananda-media.de\/wp-content\/uploads\/2023\/10\/broschuere_2019_0511-001.jpg 1213w, https:\/\/nirananda-media.de\/wp-content\/uploads\/2023\/10\/broschuere_2019_0511-001-213x300.jpg 213w, https:\/\/nirananda-media.de\/wp-content\/uploads\/2023\/10\/broschuere_2019_0511-001-728x1024.jpg 728w, https:\/\/nirananda-media.de\/wp-content\/uploads\/2023\/10\/broschuere_2019_0511-001-768x1081.jpg 768w, https:\/\/nirananda-media.de\/wp-content\/uploads\/2023\/10\/broschuere_2019_0511-001-1091x1536.jpg 1091w, https:\/\/nirananda-media.de\/wp-content\/uploads\/2023\/10\/broschuere_2019_0511-001-100x141.jpg 100w, https:\/\/nirananda-media.de\/wp-content\/uploads\/2023\/10\/broschuere_2019_0511-001-150x211.jpg 150w, https:\/\/nirananda-media.de\/wp-content\/uploads\/2023\/10\/broschuere_2019_0511-001-200x281.jpg 200w, https:\/\/nirananda-media.de\/wp-content\/uploads\/2023\/10\/broschuere_2019_0511-001-300x422.jpg 300w, https:\/\/nirananda-media.de\/wp-content\/uploads\/2023\/10\/broschuere_2019_0511-001-450x633.jpg 450w, https:\/\/nirananda-media.de\/wp-content\/uploads\/2023\/10\/broschuere_2019_0511-001-600x844.jpg 600w, https:\/\/nirananda-media.de\/wp-content\/uploads\/2023\/10\/broschuere_2019_0511-001-900x1267.jpg 900w\" sizes=\"auto, (max-width: 1213px) 100vw, 1213px\" \/><figcaption class=\"wp-element-caption\">Shri Mataji Nirmala Devi<br>Ein Leben f\u00fcr die Menschheit<\/figcaption><\/figure>\n\n\n\n<p>Diese DIN-A4-Brosch\u00fcre anl\u00e4sslich des 50-j\u00e4hrigen Jubil\u00e4ums von&nbsp;<em>Sahaja Yoga<\/em>&nbsp;ist in vielen deutschen&nbsp;<a class=\"\" rel=\"noreferrer noopener\" href=\"https:\/\/www.sahajayoga.de\/kurse\/\" target=\"_blank\"><em>Sahaja-Yoga<\/em>-Zentren<\/a>&nbsp;auch als Druckausgabe erh\u00e4ltlich.<\/p>\n\n\n\n<p>Solange der Vorrat reicht, verschicken wir auch Exemplare gegen eine geringe Schutzgeb\u00fchr. (2,00 EUR\/St\u00fcck, plus Porto). Bitte, schicken Sie daf\u00fcr eine E-Mail an <a href=\"mailto:uwedavid@nirananda-media.de\">uwedavid@nirananda-media.de<\/a><\/p>\n<\/div>\n\n\n\n<div class=\"wp-block-column is-layout-flow wp-block-column-is-layout-flow\"><\/div>\n<\/div>\n\n\n\n<hr class=\"wp-block-separator has-alpha-channel-opacity\"\/>\n\n\n\n<div class=\"wp-block-columns alignwide is-layout-flex wp-container-core-columns-is-layout-9d6595d7 wp-block-columns-is-layout-flex\">\n<div class=\"wp-block-column is-layout-flow wp-block-column-is-layout-flow\"><\/div>\n\n\n\n<div class=\"wp-block-column is-vertically-aligned-top is-layout-flow wp-block-column-is-layout-flow\">\n<figure class=\"wp-block-image size-full is-resized\"><img loading=\"lazy\" decoding=\"async\" width=\"288\" height=\"389\" src=\"https:\/\/nirananda-media.de\/wp-content\/uploads\/2023\/07\/image.jpg\" alt=\"\" class=\"wp-image-1238\" style=\"object-fit:cover;width:197px;height:250px\" srcset=\"https:\/\/nirananda-media.de\/wp-content\/uploads\/2023\/07\/image.jpg 288w, https:\/\/nirananda-media.de\/wp-content\/uploads\/2023\/07\/image-222x300.jpg 222w, https:\/\/nirananda-media.de\/wp-content\/uploads\/2023\/07\/image-100x135.jpg 100w, https:\/\/nirananda-media.de\/wp-content\/uploads\/2023\/07\/image-150x203.jpg 150w, https:\/\/nirananda-media.de\/wp-content\/uploads\/2023\/07\/image-200x270.jpg 200w\" sizes=\"auto, (max-width: 288px) 100vw, 288px\" \/><\/figure>\n\n\n\n<div class=\"wp-block-file aligncenter\"><a href=\"https:\/\/nirananda-media.de\/wp-content\/uploads\/2023\/07\/SahajaYogaBuch1.pdf\" class=\"wp-block-file__button wp-element-button\" download>Herunterladen<\/a><\/div>\n\n\n\n<p><\/p>\n\n\n\n<p class=\"has-text-align-center\">Sahaja Yoga<\/p>\n\n\n\n<p><br>Eine der ersten Brosch\u00fcren \u00fcber Sahaja Yoga in der deutschen \u00dcbersetzung aus dem Englischen.<\/p>\n\n\n\n<p>Ausgabe: 1985<br><br>Adobe Acrobat Dokument&nbsp;1.4 MB<\/p>\n<\/div>\n\n\n\n<div class=\"wp-block-column is-vertically-aligned-top is-layout-flow wp-block-column-is-layout-flow\">\n<figure class=\"wp-block-image size-full is-resized\"><img loading=\"lazy\" decoding=\"async\" width=\"288\" height=\"204\" src=\"https:\/\/nirananda-media.de\/wp-content\/uploads\/2023\/07\/image-1.jpg\" alt=\"\" class=\"wp-image-1236\" style=\"object-fit:cover\" srcset=\"https:\/\/nirananda-media.de\/wp-content\/uploads\/2023\/07\/image-1.jpg 288w, https:\/\/nirananda-media.de\/wp-content\/uploads\/2023\/07\/image-1-100x71.jpg 100w, https:\/\/nirananda-media.de\/wp-content\/uploads\/2023\/07\/image-1-150x106.jpg 150w, https:\/\/nirananda-media.de\/wp-content\/uploads\/2023\/07\/image-1-200x142.jpg 200w\" sizes=\"auto, (max-width: 288px) 100vw, 288px\" \/><\/figure>\n\n\n\n<div class=\"wp-block-file aligncenter\"><a href=\"https:\/\/nirananda-media.de\/wp-content\/uploads\/2023\/07\/sy_meditation_web.pdf\" class=\"wp-block-file__button wp-element-button\" download>Herunterladen<\/a><\/div>\n\n\n\n<p>Sahaja Yoga Meditation<\/p>\n\n\n\n<p>Eine Einf\u00fchrung &amp; Do-it-yourself-Anleitung<br><br>Ausgabe: 2013<\/p>\n\n\n\n<p>Adobe Acrobat Dokument&nbsp;2.8 MB<\/p>\n<\/div>\n\n\n\n<div class=\"wp-block-column is-vertically-aligned-top is-layout-flow wp-block-column-is-layout-flow\">\n<figure class=\"wp-block-image size-full is-resized\"><img loading=\"lazy\" decoding=\"async\" width=\"288\" height=\"206\" src=\"https:\/\/nirananda-media.de\/wp-content\/uploads\/2023\/07\/image-2.jpg\" alt=\"\" class=\"wp-image-1237\" style=\"object-fit:cover\" srcset=\"https:\/\/nirananda-media.de\/wp-content\/uploads\/2023\/07\/image-2.jpg 288w, https:\/\/nirananda-media.de\/wp-content\/uploads\/2023\/07\/image-2-100x72.jpg 100w, https:\/\/nirananda-media.de\/wp-content\/uploads\/2023\/07\/image-2-150x107.jpg 150w, https:\/\/nirananda-media.de\/wp-content\/uploads\/2023\/07\/image-2-200x143.jpg 200w\" sizes=\"auto, (max-width: 288px) 100vw, 288px\" \/><\/figure>\n\n\n\n<div class=\"wp-block-file aligncenter\"><a href=\"https:\/\/nirananda-media.de\/wp-content\/uploads\/2023\/07\/sy_einfuehrung_web.pdf\" class=\"wp-block-file__button wp-element-button\" download>Herunterladen<\/a><\/div>\n\n\n\n<p>Eine Einf\u00fchrung und Begleitung<\/p>\n\n\n\n<p>(2. revidierte Auflage)<\/p>\n\n\n\n<p><br>Ausgabe: 2014<\/p>\n\n\n\n<p>Adobe Acrobat Dokument&nbsp;3.0 MB<\/p>\n<\/div>\n\n\n\n<div class=\"wp-block-column is-vertically-aligned-top is-layout-flow wp-block-column-is-layout-flow\">\n<figure class=\"wp-block-image size-full is-resized\"><img loading=\"lazy\" decoding=\"async\" width=\"1792\" height=\"2525\" src=\"https:\/\/nirananda-media.de\/wp-content\/uploads\/2023\/07\/SY-Einfuehrung.jpg\" alt=\"\" class=\"wp-image-1229\" style=\"object-fit:cover;width:197px;height:250px\" srcset=\"https:\/\/nirananda-media.de\/wp-content\/uploads\/2023\/07\/SY-Einfuehrung.jpg 1792w, https:\/\/nirananda-media.de\/wp-content\/uploads\/2023\/07\/SY-Einfuehrung-213x300.jpg 213w, https:\/\/nirananda-media.de\/wp-content\/uploads\/2023\/07\/SY-Einfuehrung-727x1024.jpg 727w, https:\/\/nirananda-media.de\/wp-content\/uploads\/2023\/07\/SY-Einfuehrung-768x1082.jpg 768w, https:\/\/nirananda-media.de\/wp-content\/uploads\/2023\/07\/SY-Einfuehrung-1090x1536.jpg 1090w, https:\/\/nirananda-media.de\/wp-content\/uploads\/2023\/07\/SY-Einfuehrung-1453x2048.jpg 1453w, https:\/\/nirananda-media.de\/wp-content\/uploads\/2023\/07\/SY-Einfuehrung-100x141.jpg 100w, https:\/\/nirananda-media.de\/wp-content\/uploads\/2023\/07\/SY-Einfuehrung-150x211.jpg 150w, https:\/\/nirananda-media.de\/wp-content\/uploads\/2023\/07\/SY-Einfuehrung-200x282.jpg 200w, https:\/\/nirananda-media.de\/wp-content\/uploads\/2023\/07\/SY-Einfuehrung-300x423.jpg 300w, https:\/\/nirananda-media.de\/wp-content\/uploads\/2023\/07\/SY-Einfuehrung-450x634.jpg 450w, https:\/\/nirananda-media.de\/wp-content\/uploads\/2023\/07\/SY-Einfuehrung-600x845.jpg 600w, https:\/\/nirananda-media.de\/wp-content\/uploads\/2023\/07\/SY-Einfuehrung-900x1268.jpg 900w\" sizes=\"auto, (max-width: 1792px) 100vw, 1792px\" \/><\/figure>\n\n\n\n<p>Diese A5-Einf\u00fchrungs-Brosch\u00fcre ist in den&nbsp;<em>Sahaja-Yoga-<\/em>Zentren&nbsp;<a class=\"\" href=\"https:\/\/www.sahajayoga.de\/kurse\/\" target=\"_blank\" rel=\"noreferrer noopener\">Deutschlands<\/a>,&nbsp;<a class=\"\" href=\"https:\/\/postgasse.at\/angebot\/\" target=\"_blank\" rel=\"noreferrer noopener\">\u00d6sterreichs<\/a>&nbsp;und der&nbsp;<a class=\"\" href=\"https:\/\/www.sahajayoga.ch\/joyful-afternoons-mit-sahaja-yoga\/\" target=\"_blank\" rel=\"noreferrer noopener\">Schweiz<\/a>&nbsp;verf\u00fcgbar.<\/p>\n\n\n\n<p class=\"has-text-align-left\">Gegen eine Schutzgeb\u00fchr von 5,00 EUR \/St\u00fcck (plus Porto) schicken wir Ihnen gerne eine gew\u00fcnschte Menge zu. Bitte schicken Sie eine E-Mail an <a href=\"mailto:uwedavid@nirananda-media.de\" target=\"_blank\" rel=\"noreferrer noopener\">uwedavid@nirananda-media.de<\/a>.<br><br>!!! Achtung: <mark style=\"background-color:#ff0000\" class=\"has-inline-color has-responsive-container-background-color-color\">Leider zurzeit vergriffen<\/mark>, wird aber neu aufgelegt. Wir k\u00f6nnen zurzeit nur Bestellungen vormerken !!!<\/p>\n<\/div>\n\n\n\n<div class=\"wp-block-column is-layout-flow wp-block-column-is-layout-flow\"><\/div>\n<\/div>\n\n\n\n<p><\/p>\n","protected":false},"excerpt":{"rendered":"<p>Brosch\u00fcren und Downloads Anl\u00e4sslich des 100-j\u00e4hrigen Geburtstags-jubil\u00e4ums von Shri Mataji Nirmala Devi hat&nbsp;Sahaja Yoga Kultur e. V.&nbsp;eine 18-seitige Brosch\u00fcre herausgegeben. Der&nbsp;zweisprachig und hochwertig gestaltete DIN-A4-Druck beinhaltet eine fotografische Reise durch Shri Matajis Leben und spirituelle Arbeit und f\u00fchrt in hand-licher &hellip;<\/p>\n<p class=\"read-more\"> <a class=\"more-link\" href=\"https:\/\/nirananda-media.de\/?page_id=1222\"> <span class=\"screen-reader-text\">Brosch\u00fcren und Downloads<\/span> Weiterlesen &raquo;<\/a><\/p>\n","protected":false},"author":1,"featured_media":0,"parent":0,"menu_order":0,"comment_status":"closed","ping_status":"closed","template":"","meta":{"footnotes":""},"class_list":["post-1222","page","type-page","status-publish","hentry"],"_links":{"self":[{"href":"https:\/\/nirananda-media.de\/index.php?rest_route=\/wp\/v2\/pages\/1222","targetHints":{"allow":["GET"]}}],"collection":[{"href":"https:\/\/nirananda-media.de\/index.php?rest_route=\/wp\/v2\/pages"}],"about":[{"href":"https:\/\/nirananda-media.de\/index.php?rest_route=\/wp\/v2\/types\/page"}],"author":[{"embeddable":true,"href":"https:\/\/nirananda-media.de\/index.php?rest_route=\/wp\/v2\/users\/1"}],"replies":[{"embeddable":true,"href":"https:\/\/nirananda-media.de\/index.php?rest_route=%2Fwp%2Fv2%2Fcomments&post=1222"}],"version-history":[{"count":58,"href":"https:\/\/nirananda-media.de\/index.php?rest_route=\/wp\/v2\/pages\/1222\/revisions"}],"predecessor-version":[{"id":2345,"href":"https:\/\/nirananda-media.de\/index.php?rest_route=\/wp\/v2\/pages\/1222\/revisions\/2345"}],"wp:attachment":[{"href":"https:\/\/nirananda-media.de\/index.php?rest_route=%2Fwp%2Fv2%2Fmedia&parent=1222"}],"curies":[{"name":"wp","href":"https:\/\/api.w.org\/{rel}","templated":true}]}}