{"id":1099,"date":"2023-07-08T12:10:09","date_gmt":"2023-07-08T12:10:09","guid":{"rendered":"https:\/\/nirananda-media.de\/?page_id=1099"},"modified":"2023-07-20T09:55:52","modified_gmt":"2023-07-20T09:55:52","slug":"und-du-erwartest-zu-fliegen","status":"publish","type":"page","link":"https:\/\/nirananda-media.de\/?page_id=1099","title":{"rendered":"Und du erwartest zu fliegen"},"content":{"rendered":"\n<div class=\"wp-block-columns alignwide is-layout-flex wp-container-core-columns-is-layout-9d6595d7 wp-block-columns-is-layout-flex\">\n<div class=\"wp-block-column is-layout-flow wp-block-column-is-layout-flow\"><\/div>\n\n\n\n<div class=\"wp-block-column is-layout-flow wp-block-column-is-layout-flow\" style=\"flex-basis:1000px\">\n<hr class=\"wp-block-separator has-alpha-channel-opacity\"\/>\n\n\n\n<h2 class=\"wp-block-heading has-text-align-center\">Patrick Sheridan<\/h2>\n\n\n\n<h1 class=\"wp-block-heading has-text-align-center\">Und du erwartest zu fliegen<\/h1>\n\n\n\n<p class=\"has-text-align-center\">Auf der Suche nach dem wahren Ich<\/p>\n\n\n\n<hr class=\"wp-block-separator has-alpha-channel-opacity\"\/>\n\n\n\n<div class=\"wp-block-media-text alignwide is-stacked-on-mobile\"><figure class=\"wp-block-media-text__media\"><img loading=\"lazy\" decoding=\"async\" width=\"777\" height=\"1024\" src=\"https:\/\/nirananda-media.de\/wp-content\/uploads\/2023\/07\/front_udezf-777x1024.jpg\" alt=\"\" class=\"wp-image-652 size-full\" srcset=\"https:\/\/nirananda-media.de\/wp-content\/uploads\/2023\/07\/front_udezf-777x1024.jpg 777w, https:\/\/nirananda-media.de\/wp-content\/uploads\/2023\/07\/front_udezf-228x300.jpg 228w, https:\/\/nirananda-media.de\/wp-content\/uploads\/2023\/07\/front_udezf-768x1012.jpg 768w, https:\/\/nirananda-media.de\/wp-content\/uploads\/2023\/07\/front_udezf-1166x1536.jpg 1166w, https:\/\/nirananda-media.de\/wp-content\/uploads\/2023\/07\/front_udezf-1554x2048.jpg 1554w, https:\/\/nirananda-media.de\/wp-content\/uploads\/2023\/07\/front_udezf-100x132.jpg 100w, https:\/\/nirananda-media.de\/wp-content\/uploads\/2023\/07\/front_udezf-150x198.jpg 150w, https:\/\/nirananda-media.de\/wp-content\/uploads\/2023\/07\/front_udezf-200x264.jpg 200w, https:\/\/nirananda-media.de\/wp-content\/uploads\/2023\/07\/front_udezf-300x395.jpg 300w, https:\/\/nirananda-media.de\/wp-content\/uploads\/2023\/07\/front_udezf-450x593.jpg 450w, https:\/\/nirananda-media.de\/wp-content\/uploads\/2023\/07\/front_udezf-600x791.jpg 600w, https:\/\/nirananda-media.de\/wp-content\/uploads\/2023\/07\/front_udezf-900x1186.jpg 900w, https:\/\/nirananda-media.de\/wp-content\/uploads\/2023\/07\/front_udezf-scaled.jpg 1943w\" sizes=\"auto, (max-width: 777px) 100vw, 777px\" \/><\/figure><div class=\"wp-block-media-text__content\">\n<p class=\"has-text-align-center\">Wie viele in den 1960ern und 70ern erlebte Patrick Sheridan spirituelles Erwachen, Desillusionierung und die Beinahe-Selbstzerst\u00f6rung in der psychedelischen \u201cGegenkultur\u201d, doch dies war nur der Anfang seiner Geschichte.<\/p>\n\n\n\n<p class=\"has-text-align-center\">Er begegnete au\u00dfergew\u00f6hnlichen Dingen und schrieb sie mit erstaunlicher Tiefgr\u00fcndigkeit und Detailliertheit nieder. Seit langem war er fasziniert von der spirituellen Realit\u00e4t, die den gro\u00dfen Weltreligionen und den universellen Wahrheiten zugrunde liegt und sie verbindet und glaubt, dass lebendige spirituelle Erfahrung die h\u00f6chste Bestimmung und das Geburtsrecht jedes Menschen ist.<\/p>\n<\/div><\/div>\n\n\n\n<hr class=\"wp-block-separator has-alpha-channel-opacity\"\/>\n\n\n\n<div class=\"wp-block-media-text alignwide has-media-on-the-right is-stacked-on-mobile\"><div class=\"wp-block-media-text__content\">\n<p class=\"has-text-align-center\">Als gel\u00e4uterter und gereifter \u00dcberlebender der Selbstfindungsbewegungen der 1960er und 70er Jahre gelingt Patrick Sheridan viel mehr, als nur die Ideale dieser Zeiten in diesem stark biografisch gepr\u00e4gten, \u201eretrospektiven Journal\u201c auf hohem Niveau f\u00fcr sich selbst und andere neu zu bewerten. Trotz einigen extremen Reisestationen ist er seinem Weg konsequent zu Ende gefolgt und hat nicht nur das gefunden, wonach er gesucht hat, sondern was viele andere auch als Illusion abgetan hatten.<\/p>\n<\/div><figure class=\"wp-block-media-text__media\"><img loading=\"lazy\" decoding=\"async\" width=\"783\" height=\"1024\" src=\"https:\/\/nirananda-media.de\/wp-content\/uploads\/2023\/07\/back_udezf-783x1024.jpg\" alt=\"\" class=\"wp-image-653 size-full\" srcset=\"https:\/\/nirananda-media.de\/wp-content\/uploads\/2023\/07\/back_udezf-783x1024.jpg 783w, https:\/\/nirananda-media.de\/wp-content\/uploads\/2023\/07\/back_udezf-229x300.jpg 229w, https:\/\/nirananda-media.de\/wp-content\/uploads\/2023\/07\/back_udezf-768x1005.jpg 768w, https:\/\/nirananda-media.de\/wp-content\/uploads\/2023\/07\/back_udezf-1174x1536.jpg 1174w, https:\/\/nirananda-media.de\/wp-content\/uploads\/2023\/07\/back_udezf-1565x2048.jpg 1565w, https:\/\/nirananda-media.de\/wp-content\/uploads\/2023\/07\/back_udezf-100x131.jpg 100w, https:\/\/nirananda-media.de\/wp-content\/uploads\/2023\/07\/back_udezf-150x196.jpg 150w, https:\/\/nirananda-media.de\/wp-content\/uploads\/2023\/07\/back_udezf-200x262.jpg 200w, https:\/\/nirananda-media.de\/wp-content\/uploads\/2023\/07\/back_udezf-300x392.jpg 300w, https:\/\/nirananda-media.de\/wp-content\/uploads\/2023\/07\/back_udezf-450x589.jpg 450w, https:\/\/nirananda-media.de\/wp-content\/uploads\/2023\/07\/back_udezf-600x785.jpg 600w, https:\/\/nirananda-media.de\/wp-content\/uploads\/2023\/07\/back_udezf-900x1177.jpg 900w, https:\/\/nirananda-media.de\/wp-content\/uploads\/2023\/07\/back_udezf-scaled.jpg 1957w\" sizes=\"auto, (max-width: 783px) 100vw, 783px\" \/><\/figure><\/div>\n\n\n\n<hr class=\"wp-block-separator has-alpha-channel-opacity\"\/>\n\n\n\n<p class=\"has-text-align-center\">Geschrieben von einer Kandidatin f\u00fcr den Friedensnobelpreis und einer der gr\u00f6\u00dften Stimmen der Spiritualit\u00e4t, bietet der Text tiefe Einsichten in die Krisen unserer modernen Zeit und dar\u00fcber hinaus L\u00f6sungen f\u00fcr ihre zugrundeliegenden Ursachen.<\/p>\n\n\n\n<hr class=\"wp-block-separator has-alpha-channel-opacity\"\/>\n\n\n\n<iframe frameborder=\"0\" scrolling=\"no\" style=\"border:0px\" src=\"https:\/\/books.google.de\/books?id=JCOBDQAAQBAJ&#038;newbks=1&#038;newbks_redir=0&#038;lpg=PT347&#038;dq=und%20du%20erwartest%20zu%20fliegen&#038;hl=de&#038;pg=PP1&#038;output=embed\" width=700 height=900><\/iframe>\n\n\n\n<hr class=\"wp-block-separator has-alpha-channel-opacity\"\/>\n\n\n\n<h2 class=\"wp-block-heading has-text-align-center\">Buch bestellen<\/h2>\n\n\n\n<hr class=\"wp-block-separator has-alpha-channel-opacity\"\/>\n\n\n\n<figure class=\"wp-block-table aligncenter is-style-regular\"><table class=\"has-fixed-layout\"><tbody><tr><td class=\"has-text-align-right\" data-align=\"right\">ISBN-13 (Paperback)<\/td><td class=\"has-text-align-left\" data-align=\"left\"><strong><strong>978-3-7412-9441-9<\/strong><\/strong><\/td><\/tr><tr><td class=\"has-text-align-right\" data-align=\"right\">ISBN-13 (E-Book)<\/td><td class=\"has-text-align-left\" data-align=\"left\"><strong><strong>978-3-7431-3084-5<\/strong><\/strong><\/td><\/tr><\/tbody><\/table><\/figure>\n\n\n\n<p class=\"has-text-align-center\">Die Ausgaben ist mit den o. g. ISBN in <strong>allen lokalen und Online-Buchhandlungen\/Shops in Deutschland, \u00d6sterreich und der Schweiz sowie international bestellbar<\/strong>. Die internationale Ausgabe wird an landes\u00fcbliche Formate angepasst und enth\u00e4lt im Buchblock keine farbigen Abbildungen.<br><br><strong><strong>Bei Bestellungen \u00fcber\u00a0<a rel=\"noreferrer noopener\" href=\"https:\/\/www.bod.de\/\" target=\"_blank\">Books on Demand<\/a>\u00a0ist der Standardversand (3-7 Tage) in Deutschland, nach \u00d6sterreich und in die Schweiz kostenfrei.<\/strong><\/strong><\/p>\n\n\n\n<div class=\"wp-block-buttons is-content-justification-center is-layout-flex wp-container-core-buttons-is-layout-16018d1d wp-block-buttons-is-layout-flex\">\n<div class=\"wp-block-button\"><a class=\"wp-block-button__link wp-element-button\" href=\"https:\/\/www.bod.de\/buchshop\/und-du-erwartest-zu-fliegen-patrick-sheridan-9783741294419\" style=\"border-radius:100px\" target=\"_blank\" rel=\"noreferrer noopener\">zum BoD-Shop<\/a><\/div>\n<\/div>\n\n\n\n<hr class=\"wp-block-separator has-alpha-channel-opacity\"\/>\n\n\n\n<p class=\"has-text-align-center\"><strong>Journalisten<\/strong> k\u00f6nnen \u00fcber <a rel=\"noreferrer noopener\" href=\"mailto:presse@bod.de\" target=\"_blank\">presse@bod.de<\/a> und bei Vorlage eines Presseausweises <strong>kostenlose Rezensionsexemplare<\/strong> bestellen.<\/p>\n\n\n\n<hr class=\"wp-block-separator has-alpha-channel-opacity\"\/>\n\n\n\n<div class=\"wp-block-buttons is-content-justification-center is-layout-flex wp-container-core-buttons-is-layout-16018d1d wp-block-buttons-is-layout-flex\">\n<div class=\"wp-block-button\"><a class=\"wp-block-button__link wp-element-button\" href=\"https:\/\/www.sahajbooks.org\/collection\/EXPECTING-TO-FLY\" style=\"border-radius:100px\" target=\"_blank\" rel=\"noreferrer noopener\">weitere Ausgaben<\/a><\/div>\n<\/div>\n\n\n\n<hr class=\"wp-block-separator has-alpha-channel-opacity\"\/>\n<\/div>\n\n\n\n<div class=\"wp-block-column is-layout-flow wp-block-column-is-layout-flow\"><\/div>\n<\/div>\n","protected":false},"excerpt":{"rendered":"<p>Patrick Sheridan Und du erwartest zu fliegen Auf der Suche nach dem wahren Ich Wie viele in den 1960ern und 70ern erlebte Patrick Sheridan spirituelles Erwachen, Desillusionierung und die Beinahe-Selbstzerst\u00f6rung in der psychedelischen \u201cGegenkultur\u201d, doch dies war nur der Anfang &hellip;<\/p>\n<p class=\"read-more\"> <a class=\"more-link\" href=\"https:\/\/nirananda-media.de\/?page_id=1099\"> <span class=\"screen-reader-text\">Und du erwartest zu fliegen<\/span> Weiterlesen &raquo;<\/a><\/p>\n","protected":false},"author":1,"featured_media":0,"parent":0,"menu_order":0,"comment_status":"closed","ping_status":"closed","template":"","meta":{"footnotes":""},"class_list":["post-1099","page","type-page","status-publish","hentry"],"_links":{"self":[{"href":"https:\/\/nirananda-media.de\/index.php?rest_route=\/wp\/v2\/pages\/1099","targetHints":{"allow":["GET"]}}],"collection":[{"href":"https:\/\/nirananda-media.de\/index.php?rest_route=\/wp\/v2\/pages"}],"about":[{"href":"https:\/\/nirananda-media.de\/index.php?rest_route=\/wp\/v2\/types\/page"}],"author":[{"embeddable":true,"href":"https:\/\/nirananda-media.de\/index.php?rest_route=\/wp\/v2\/users\/1"}],"replies":[{"embeddable":true,"href":"https:\/\/nirananda-media.de\/index.php?rest_route=%2Fwp%2Fv2%2Fcomments&post=1099"}],"version-history":[{"count":3,"href":"https:\/\/nirananda-media.de\/index.php?rest_route=\/wp\/v2\/pages\/1099\/revisions"}],"predecessor-version":[{"id":2039,"href":"https:\/\/nirananda-media.de\/index.php?rest_route=\/wp\/v2\/pages\/1099\/revisions\/2039"}],"wp:attachment":[{"href":"https:\/\/nirananda-media.de\/index.php?rest_route=%2Fwp%2Fv2%2Fmedia&parent=1099"}],"curies":[{"name":"wp","href":"https:\/\/api.w.org\/{rel}","templated":true}]}}